 o(10). What is the greatest common factor of 3 and t?
3
Let p = 145 + -100. Suppose 12*s - 72 = -12. Calculate the highest common divisor of s and p.
5
Suppose -h + 0*h + 8 = 0. Suppose -h - 38 = -f. Let q be (-2)/9 + (-418)/(-18). Calculate the greatest common divisor of q and f.
23
Let v be 5 - (188 + -2)/(-2). What is the greatest common factor of 28 and v?
14
Let u(w) = -2*w**3 - 4 + w - w**2 - 2*w**3 + 2*w**3. Let f be u(-3). Suppose f + 42 = 5*q. What is the greatest common factor of q and 128?
16
Suppose -201*j + 202*j = 3. What is the greatest common divisor of 57 and j?
3
Let b be 23 - 4 - 3 - -2. What is the greatest common factor of b and 18?
18
Suppose -3*r - 9 = 0, 0 = -3*s - 4*r - 0*r + 57. Let a = -11 + 34. What is the highest common divisor of s and a?
23
Let d be 1/(3 + (-10)/4). Suppose d*h + 200 = 7*h. Calculate the highest common divisor of h and 8.
8
Let r = 71 - -17. Suppose 5*o - 13 = 82. Let s = -11 + o. What is the highest common factor of s and r?
8
Suppose -c - 2*q + 3*q = -7, -q = -3*c + 31. What is the highest common factor of 16 and c?
4
Let k be 12/2*2/(-1 - 1). Let c be 20 + 4 + 2/(-1). Let i = c - k. What is the greatest common factor of i and 42?
14
Let o = -51 + 72. Suppose -o = -2*t + 63. Suppose 5*d = 2*d + 2*z + 32, 0 = -4*d + 3*z + t. Calculate the greatest common factor of 36 and d.
12
Let g(x) = -x**3 - x**2 + x + 36. Let a be g(0). Let f(v) = -4*v + 2. Let q be f(-2). Let c be (8/q)/(2/10). Calculate the greatest common factor of c and a.
4
Let l be 64/10 - (-4)/(-10). Let w be (-254)/(-3) - l/9. Suppose -y - 2*y = -36. What is the highest common divisor of y and w?
12
Suppose 2*q - 3*q = -13. Let r(w) = w**3 - 8*w**2 + 4. Let a be r(8). Let v be 4/2*26/a. Calculate the highest common factor of q and v.
13
Suppose 15*m = 19*m - 52. What is the greatest common divisor of 13 and m?
13
Let h = 11 - 0. Suppose -h*w = -10*w - 8. What is the greatest common divisor of 72 and w?
8
Let p(v) = 13*v - 3. Let b be p(1). What is the highest common divisor of b and 6?
2
Let d = -40 - -66. Let q = 138 + -125. Calculate the greatest common factor of d and q.
13
Suppose f + 8 = -3*f, -4*w + 4*f + 52 = 0. Let z be 4/(-10) + (-7)/(-5). Calculate the greatest common divisor of z and w.
1
Let y = 408 + -628. Let l = 328 + y. What is the greatest common divisor of 12 and l?
12
Suppose 2 = -3*k + 5*k. Suppose 4*q + 2*m - 16 = 0, -3*m + 2 = -q - k. What is the greatest common factor of 9 and q?
3
Suppose -5*j + 0 = -x + 17, -x + 5 = -j. Suppose -g + 2*k = 4, -20 = x*g - 6*g - k. Calculate the highest common divisor of 4 and g.
4
Let a = 149 + -92. Suppose -b = -27 + 8. Calculate the highest common divisor of a and b.
19
Let w be 58/4 + 1 + 4/(-8). Suppose 5*p - 50 = -20. What is the greatest common factor of p and w?
3
Suppose -4*t - 3*j + 20 = 0, -5*t = -4*j + 10 - 4. Let x(m) = t + 3*m + 0 - 4*m + 7*m**2 + 0*m. Let b be x(-3). What is the greatest common divisor of b and 17?
17
Let q be (-51)/(-9) + 6/(-9). Suppose 2*y - 60 = -q*j + 3*y, j + 5*y - 12 = 0. Let b = 227 + -143. Calculate the greatest common divisor of b and j.
12
Let f = 25 + 19. Suppose -2*j = 4*y + 58, -4*j - j = -5*y - 80. Let c = 7 - y. Calculate the greatest common factor of f and c.
22
Let p be (-6)/8 - 141/(-12). What is the greatest common divisor of 55 and p?
11
Let t = -1 + 3. Let a(p) = 19*p**2 + 3*p - 2. Let o be a(t). Calculate the greatest common factor of 20 and o.
20
Let y = 329 + -197. What is the greatest common factor of y and 12?
12
Suppose 2*l + l - 3 = 0. Let y = 10 + l. What is the greatest common factor of 121 and y?
11
Suppose -13*j + 219 = -197. Calculate the highest common divisor of j and 4.
4
Suppose -2*y + 169 = d - 187, 4*d - 1409 = -3*y. Calculate the greatest common divisor of 70 and d.
70
Let s = 3 + 1. Calculate the greatest common factor of s and 32.
4
Let v = -4 - -6. What is the greatest common divisor of 4 and v?
2
Suppose 3*c = 4*f - 2*f, 0 = -c. Suppose 4*p + 3*m - 69 = 0, f*p + 2*p - 18 = 4*m. Calculate the highest common factor of p and 165.
15
Let x(f) = -f**3 - 14*f**2 - 3*f - 10. Let n be x(-14). Suppose 32 = -a + 3*a. Calculate the greatest common divisor of a and n.
16
Suppose 75*j = 74*j + 16. Calculate the highest common factor of j and 2.
2
Suppose -5*d + b = 2*b - 116, -4*b = 5*d - 104. What is the highest common divisor of 16 and d?
8
Let l(a) = -a**2 - 7*a - 1. Let q be l(-6). Let p = 14 + 1. Calculate the greatest common factor of q and p.
5
Suppose -5*s + 10 = -45. What is the greatest common factor of 22 and s?
11
Let p(s) = s**3 + 7*s**2 + 4*s + 2. Let b be p(-6). What is the greatest common divisor of b and 84?
14
Let w = 1 + 0. Let r be (2 + w)*(-4)/(-6). Let f be (10/(-20))/((-73)/36 - -2). What is the greatest common divisor of r and f?
2
Suppose 7 = -2*d + 19. What is the greatest common divisor of d and 4?
2
Let h be (78/(6/(-2)))/(-2). Suppose -4*c - 4*o + 340 = -24, -c + 91 = -2*o. Calculate the greatest common divisor of c and h.
13
Let c = -2 + 2. Let r(z) = z + 66. Let k be r(c). Let v(b) = b**2 + 7*b + 6. Let f be v(-7). Calculate the greatest common factor of f and k.
6
Let m(v) = -v**3 - 15*v**2 + v + 19. Let n be m(-15). Calculate the greatest common divisor of n and 1.
1
Suppose 5*d - 149 = -k, k - 61 = -2*d + 2*k. Let a = 65 - d. What is the greatest common factor of 7 and a?
7
Suppose j + 3*p + 4 = 0, -2*j + 3*j = 5*p + 36. Let o = 233 - 109. Let v = o + -69. Calculate the greatest common factor of v and j.
11
Let h(y) = 6*y**2 - 4*y + 6. Let x be h(-5). Let t = 3 - 0. Let v be (-8)/(t/6 + -1). Calculate the greatest common factor of x and v.
16
Suppose 0 = 2*w + 3*w. Suppose -5*o = 3*d - 86, w = -3*d + 5*o - 3*o + 58. Let t = -132 - -187. What is the greatest common factor of d and t?
11
Suppose 0 = -w + 2*w - 14. Let t(q) = -q + 6. Let b be t(-8). Calculate the greatest common divisor of b and w.
14
Let k = -9 - -21. Calculate the highest common divisor of 12 and k.
12
Suppose 0*l = 3*l - 42. Let c(u) = -u**2 + 6*u. Let v be c(5). Suppose 4*n + 26 = -f + 2*f, 55 = 5*f + v*n. What is the highest common factor of l and f?
14
Suppose -g + v = 0, 2*v + 3*v + 16 = g. Let i be g/14 - (-121)/7. Calculate the highest common factor of 187 and i.
17
Let j(i) = i**3 + i + 10. Let d be j(0). Let x be (2 + 1)/(3/10). Suppose -x = -k + 10. Calculate the greatest common divisor of k and d.
10
Suppose 153 - 540 = -3*c. Let r be (-9)/(4 + c/(-30)). What is the greatest common divisor of r and 6?
6
Suppose 0*i - 48 = -4*i. Let n = -327 + 77. Let u = -142 - n. Calculate the greatest common factor of i and u.
12
Let i = -171 - -102. Let g be i/(-21) + (-2)/7. Suppose -18 - 18 = -g*o. What is the highest common factor of 108 and o?
12
Let k be 1 - (-1)/(-1) - -5. Suppose -x - 5 = -4*f, f = -4*f - k*x. Calculate the greatest common divisor of f and 1.
1
Let q be (-3)/(-9) + 251/3. What is the highest common divisor of q and 12?
12
Let k(f) = -5*f - 3. Let j(m) = 2*m + 16. Let n be j(-10). Let y be k(n). Let q(x) = 46*x - 2. Let l be q(3). Calculate the highest common divisor of y and l.
17
Let o(x) = -x**3 - 10*x**2 - 9*x + 9. Let v be o(-10). Let j be ((-18)/4)/(3/(-6)). Calculate the highest common factor of v and j.
9
Suppose -5*k + 16 = -0*o - o, o = -1. Let c(n) = -n + 4. Let g be c(3). Calculate the highest common divisor of k and g.
1
Let n = 91 - 77. What is the greatest common factor of 35 and n?
7
Suppose -53*k - 561 = -56*k. Let g be (-310)/(-18) + (-8)/36. Calculate the greatest common divisor of g and k.
17
Suppose -3*m + 3 = 3*k, -4*m = -0*k + k - 4. Calculate the greatest common divisor of m and 1.
1
Suppose -30*v + 35*v - 25 = 0. What is the greatest common factor of v and 40?
5
Suppose 0 = -45*i + 42*i + 27. Let h(r) = 28*r - 3. Let a be h(3). Calculate the highest common divisor of a and i.
9
Let r(j) = -j**2 - 12*j - 17. Let h be r(-5). What is the highest common divisor of h and 18?
18
Suppose -2*z = -4*z - 14. Let j = 0 - z. Suppose 4*o - 111 = -c, o - 17 = -4*c + j. Calculate the highest common factor of 42 and o.
14
Suppose 0 = -3*h - 5*z + 75, 95 = 4*h - 0*h + 5*z. What is the highest common divisor of h and 10?
10
Let x(c) = c**3 + 7*c**2 + 4*c - 6. Let p be x(-5). Calculat